{"id":3,"date":"2020-02-12T12:55:00","date_gmt":"2020-02-12T12:55:00","guid":{"rendered":"http:\/\/pikole.fi\/?page_id=3"},"modified":"2020-03-14T13:00:31","modified_gmt":"2020-03-14T11:00:31","slug":"privacy-policy","status":"publish","type":"page","link":"https:\/\/pikole.fi\/index.php\/privacy-policy\/","title":{"rendered":"Yksityisyyden suoja ja  ev\u00e4steiden k\u00e4ytt\u00f6 Pikol\u00e9.fi -sivustolla"},"content":{"rendered":"\n<p>Sivuston osoite on : https:\/\/pikole.fi<\/p>\n\n\n\n<p>Ev\u00e4ste on pieni tekstitiedosto, jonka internet-selain tallentaa k\u00e4ytt\u00e4j\u00e4n laitteelle. Ev\u00e4steest\u00e4 ei ole laitteelle mink\u00e4\u00e4nlaista haittaa. Ev\u00e4steit\u00e4 k\u00e4ytet\u00e4\u00e4n verkkosivuilla mm. tiedon tekniseen v\u00e4litt\u00e4miseen ja palvelun k\u00e4yt\u00f6n helpottamiseksi.<\/p>\n\n\n\n<p>Pikole.fi k\u00e4ytt\u00e4\u00e4 ev\u00e4steit\u00e4 mm. ker\u00e4\u00e4m\u00e4\u00e4n tilastoja k\u00e4vij\u00e4m\u00e4\u00e4rist\u00e4 (Google Analytics). Tilastoista ei voi yksil\u00f6id\u00e4 yksitt\u00e4ist\u00e4 k\u00e4ytt\u00e4j\u00e4\u00e4, vaan tiedot tallennetaan anonyymisti. Lis\u00e4ksi, kolmannet osapuolet (kuten verkkomainospalvelut Google Adsense) k\u00e4ytt\u00e4v\u00e4t ev\u00e4steit\u00e4 mainospalveluiden tuottamiseksi sivustolla.<\/p>\n\n\n\n<p>K\u00e4ytt\u00e4j\u00e4 voi hyv\u00e4ksy\u00e4 tai olla hyv\u00e4ksym\u00e4tt\u00e4 ev\u00e4steiden k\u00e4yt\u00f6n internet-selaimensa asetuksista. Asetuksen muuttaminen riippuu k\u00e4yt\u00f6ss\u00e4 olevasta internet-selaimesta. On huomioitava, ett\u00e4 ev\u00e4steiden poistaminen k\u00e4yt\u00f6st\u00e4 voi aiheuttaa sen, ett\u00e4 osa sivuston toiminnallisuudesta tai palveluista lakkaa toimimasta.<\/p>\n\n\n\n<p>Voit lukea lis\u00e4\u00e4 ev\u00e4steist\u00e4 esimerkiksi&nbsp;<a href=\"https:\/\/www.viestintavirasto.fi\/kyberturvallisuus\/palveluidenturvallinenkaytto\/evasteet.html\" target=\"_blank\" rel=\"noreferrer noopener\">viestint\u00e4viraston verkkosivustolta<\/a>.<\/p>\n\n\n\n<p>Lis\u00e4tietoa selaink\u00e4ytt\u00f6\u00f6n perustuvasta verkkomainonnasta ja yksityisyydensuojasta verkossa:&nbsp;<a href=\"http:\/\/www.youronlinechoices.com\/fi\/\" target=\"_blank\" rel=\"noreferrer noopener\">http:\/\/www.youronlinechoices.com\/fi\/<\/a><\/p>\n\n\n\n<p>Lis\u00e4tietoa Googlen ev\u00e4steiden k\u00e4yt\u00f6st\u00e4 (englanniksi):&nbsp;<a href=\"http:\/\/www.google.fi\/policies\/privacy\/partners\/\" target=\"_blank\" rel=\"noreferrer noopener\">www.google.fi\/policies\/privacy\/partners\/<\/a><\/p>\n\n\n\n<p><\/p>\n","protected":false},"excerpt":{"rendered":"<p>Sivuston osoite on : https:\/\/pikole.fi Ev\u00e4ste on pieni tekstitiedosto, jonka internet-selain tallentaa k\u00e4ytt\u00e4j\u00e4n laitteelle. Ev\u00e4steest\u00e4 ei ole laitteelle mink\u00e4\u00e4nlaista haittaa. Ev\u00e4steit\u00e4 k\u00e4ytet\u00e4\u00e4n verkkosivuilla mm. tiedon tekniseen v\u00e4litt\u00e4miseen ja palvelun k\u00e4yt\u00f6n helpottamiseksi. Pikole.fi k\u00e4ytt\u00e4\u00e4 ev\u00e4steit\u00e4 mm. ker\u00e4\u00e4m\u00e4\u00e4n tilastoja k\u00e4vij\u00e4m\u00e4\u00e4rist\u00e4 (Google Analytics). Tilastoista ei voi yksil\u00f6id\u00e4 yksitt\u00e4ist\u00e4 k\u00e4ytt\u00e4j\u00e4\u00e4, vaan tiedot tallennetaan anonyymisti. Lis\u00e4ksi, kolmannet osapuolet (kuten verkkomainospalvelut &hellip; <\/p>\n<p class=\"link-more\"><a href=\"https:\/\/pikole.fi\/index.php\/privacy-policy\/\" class=\"more-link\">Continue reading<span class=\"screen-reader-text\"> &#8220;Yksityisyyden suoja ja  ev\u00e4steiden k\u00e4ytt\u00f6 Pikol\u00e9.fi -sivustolla&#8221;<\/span><\/a><\/p>\n","protected":false},"author":1,"featured_media":0,"parent":0,"menu_order":0,"comment_status":"closed","ping_status":"open","template":"","meta":[],"yoast_head":"<!-- This site is optimized with the Yoast SEO plugin v15.3 - https:\/\/yoast.com\/wordpress\/plugins\/seo\/ -->\n<title>Yksityisyyden suoja ja ev\u00e4steiden k\u00e4ytt\u00f6 Pikol\u00e9.fi -sivustolla - Pikol\u00e9<\/title>\n<meta name=\"robots\" content=\"index, follow, max-snippet:-1, max-image-preview:large, max-video-preview:-1\" \/>\n<link rel=\"canonical\" href=\"https:\/\/pikole.fi\/index.php\/privacy-policy\/\" \/>\n<meta property=\"og:locale\" content=\"en_US\" \/>\n<meta property=\"og:type\" content=\"article\" \/>\n<meta property=\"og:title\" content=\"Yksityisyyden suoja ja ev\u00e4steiden k\u00e4ytt\u00f6 Pikol\u00e9.fi -sivustolla - Pikol\u00e9\" \/>\n<meta property=\"og:description\" content=\"Sivuston osoite on : https:\/\/pikole.fi Ev\u00e4ste on pieni tekstitiedosto, jonka internet-selain tallentaa k\u00e4ytt\u00e4j\u00e4n laitteelle. Ev\u00e4steest\u00e4 ei ole laitteelle mink\u00e4\u00e4nlaista haittaa. Ev\u00e4steit\u00e4 k\u00e4ytet\u00e4\u00e4n verkkosivuilla mm. tiedon tekniseen v\u00e4litt\u00e4miseen ja palvelun k\u00e4yt\u00f6n helpottamiseksi. Pikole.fi k\u00e4ytt\u00e4\u00e4 ev\u00e4steit\u00e4 mm. ker\u00e4\u00e4m\u00e4\u00e4n tilastoja k\u00e4vij\u00e4m\u00e4\u00e4rist\u00e4 (Google Analytics). Tilastoista ei voi yksil\u00f6id\u00e4 yksitt\u00e4ist\u00e4 k\u00e4ytt\u00e4j\u00e4\u00e4, vaan tiedot tallennetaan anonyymisti. Lis\u00e4ksi, kolmannet osapuolet (kuten verkkomainospalvelut &hellip; Continue reading &quot;Yksityisyyden suoja ja ev\u00e4steiden k\u00e4ytt\u00f6 Pikol\u00e9.fi -sivustolla&quot;\" \/>\n<meta property=\"og:url\" content=\"https:\/\/pikole.fi\/index.php\/privacy-policy\/\" \/>\n<meta property=\"og:site_name\" content=\"Pikol\u00e9\" \/>\n<meta property=\"article:publisher\" content=\"https:\/\/www.facebook.com\/354365266717\/\" \/>\n<meta property=\"article:modified_time\" content=\"2020-03-14T11:00:31+00:00\" \/>\n<meta name=\"twitter:card\" content=\"summary_large_image\" \/>\n<meta name=\"twitter:label1\" content=\"Written by\">\n\t<meta name=\"twitter:data1\" content=\"Pikole_WP\">\n\t<meta name=\"twitter:label2\" content=\"Est. reading time\">\n\t<meta name=\"twitter:data2\" content=\"1 minute\">\n<script type=\"application\/ld+json\" class=\"yoast-schema-graph\">{\"@context\":\"https:\/\/schema.org\",\"@graph\":[{\"@type\":\"Organization\",\"@id\":\"https:\/\/pikole.fi\/#organization\",\"name\":\"Pikole\",\"url\":\"https:\/\/pikole.fi\/\",\"sameAs\":[\"https:\/\/www.facebook.com\/354365266717\/\"],\"logo\":{\"@type\":\"ImageObject\",\"@id\":\"https:\/\/pikole.fi\/#logo\",\"inLanguage\":\"en-US\",\"url\":\"https:\/\/pikole.fi\/wp-content\/uploads\/2020\/02\/favicon.ico\",\"width\":16,\"height\":16,\"caption\":\"Pikole\"},\"image\":{\"@id\":\"https:\/\/pikole.fi\/#logo\"}},{\"@type\":\"WebSite\",\"@id\":\"https:\/\/pikole.fi\/#website\",\"url\":\"https:\/\/pikole.fi\/\",\"name\":\"Pikol\\u00e9\",\"description\":\"Hyvinvointipalveluja Joensuussa\",\"publisher\":{\"@id\":\"https:\/\/pikole.fi\/#organization\"},\"potentialAction\":[{\"@type\":\"SearchAction\",\"target\":\"https:\/\/pikole.fi\/?s={search_term_string}\",\"query-input\":\"required name=search_term_string\"}],\"inLanguage\":\"en-US\"},{\"@type\":\"WebPage\",\"@id\":\"https:\/\/pikole.fi\/index.php\/privacy-policy\/#webpage\",\"url\":\"https:\/\/pikole.fi\/index.php\/privacy-policy\/\",\"name\":\"Yksityisyyden suoja ja ev\\u00e4steiden k\\u00e4ytt\\u00f6 Pikol\\u00e9.fi -sivustolla - Pikol\\u00e9\",\"isPartOf\":{\"@id\":\"https:\/\/pikole.fi\/#website\"},\"datePublished\":\"2020-02-12T12:55:00+00:00\",\"dateModified\":\"2020-03-14T11:00:31+00:00\",\"inLanguage\":\"en-US\",\"potentialAction\":[{\"@type\":\"ReadAction\",\"target\":[\"https:\/\/pikole.fi\/index.php\/privacy-policy\/\"]}]}]}<\/script>\n<!-- \/ Yoast SEO plugin. -->","_links":{"self":[{"href":"https:\/\/pikole.fi\/index.php\/wp-json\/wp\/v2\/pages\/3"}],"collection":[{"href":"https:\/\/pikole.fi\/index.php\/wp-json\/wp\/v2\/pages"}],"about":[{"href":"https:\/\/pikole.fi\/index.php\/wp-json\/wp\/v2\/types\/page"}],"author":[{"embeddable":true,"href":"https:\/\/pikole.fi\/index.php\/wp-json\/wp\/v2\/users\/1"}],"replies":[{"embeddable":true,"href":"https:\/\/pikole.fi\/index.php\/wp-json\/wp\/v2\/comments?post=3"}],"version-history":[{"count":3,"href":"https:\/\/pikole.fi\/index.php\/wp-json\/wp\/v2\/pages\/3\/revisions"}],"predecessor-version":[{"id":107,"href":"https:\/\/pikole.fi\/index.php\/wp-json\/wp\/v2\/pages\/3\/revisions\/107"}],"wp:attachment":[{"href":"https:\/\/pikole.fi\/index.php\/wp-json\/wp\/v2\/media?parent=3"}],"curies":[{"name":"wp","href":"https:\/\/api.w.org\/{rel}","templated":true}]}}